*x, 0*d = c*x + 5*d - 10. Let o(y) = 3*y**3 + 43 - 42 + x*y + y**2 + 0*y**2 + y**2. Give o(-1).
-2
Let x be (-2167)/(-429) - 24/468. Let t(q) = 2*q**3 - 4*q**2 + 6*q - 5. Let s(n) = -n - 1 - n**3 - n**2 + 2*n + 0*n**3. Let a(i) = x*s(i) - t(i). Give a(-1).
7
Let d be ((1736/(-192))/(-1) + -9)*5. Let c(i) be the third derivative of -1/60*i**5 + 0*i + 0 + d*i**4 - 1/120*i**6 + 16*i**2 + 2/3*i**3. Calculate c(-3).
7
Suppose 0 = 5*d - 2*y - 57, -5*d + y = 32 - 93. Suppose d = 6*r + 1. Let j(a) = 6*a + 4 + a - r*a**2 - 2*a + a**2. What is j(5)?
4
Let i be (-2 - -1 - (0 - 59)) + 8384/2096. Let b(u) = -u**3 + 62*u**2 + u - 61. Give b(i).
1
Let y = 1654 - 1624. Let v(b) = b**2 - 26*b - 120. Determine v(y).
0
Let f(s) be the second derivative of 1/20*s**5 - 111*s + 0 + s**3 - 7/2*s**2 + 7/12*s**4. Calculate f(-6).
-7
Let n(i) be the third derivative of -9*i**4/8 + 11*i**3/3 - 2468*i**2. Give n(1).
-5
Let r(n) = -3*n**2 - 11*n + 14. Suppose -690 = 68*b + 70*b. Calculate r(b).
-6
Let y(i) = -3*i**3 + 3*i**2 - 7*i + 10. Suppose -6 - 7 = -5*r + g, r = -3*g - 7. Calculate y(r).
-16
Let l(v) = 167*v + 22. Let h(z) = -403*z - 56. Let n(m) = 5*h(m) + 12*l(m). Calculate n(4).
-60
Let t(y) = -12*y**3 - y**2. Let d(a) = -65*a**2 + 5*a + 4. Let p be d(-1). Let s = -55 - p. Suppose h = 2*x + 9, 5*h - x = -5*x - s. What is t(h)?
-13
Let v(a) = -11*a + 331. Let y be v(30). Let h(i) = 820*i - 818*i + 0*i**2 + i**2 - y + i**2. Suppose 3*d + 2 = m, -3*d - 3*m - 8 = 10. What is h(d)?
3
Let z(y) = 18*y**2 - 5*y - 4*y**2 - 2*y**3 + y**3 - 9*y**2 + 2*y**2. Let g = -176 - -181. Give z(g).
25
Let t = 178 - 183. Let k(l) = -8*l**2 + 23*l - 6. Let a(n) = 5*n**2 - 13*n + 3. Let v(f) = t*a(f) - 3*k(f). Suppose 4*d + 3 + 17 = 0. Calculate v(d).
-2
Suppose -98 = 9*o - 5*i, -5*o + 4*i + 1117 = 1191. Let a(w) = -w**3 + 4 + 2*w - 4 - w**2. Determine a(o).
0
Let y be (-694)/(-30) + (-332)/2490. Let k(i) = i**2 - 18*i - 105. Give k(y).
10
Let t = 12811 + -12810. Let r(q) = -17*q**3 + q - 2. Give r(t).
-18
Let z(m) = m + 32. Let l(u) = -174*u + 1212. Let v be l(7). Calculate z(v).
26
Let h(i) be the third derivative of i**6/360 + 7*i**4/24 - 71*i**3/3 - 184*i**2. Let b(n) be the first derivative of h(n). Give b(-5).
32
Let j(t) = 11*t**3 + 2*t**2 - 2*t. Suppose 0 = -26*y + 45*y - 95. Suppose -176 = y*u - 181. Calculate j(u).
11
Let d(y) = -16*y**2 - 41*y + 3. Let b(p) = -3*p**2 - 9*p + 1. Let l(m) = 11*b(m) - 2*d(m). Determine l(-17).
5
Let o be (-11)/2 + (-3)/(-2) - -2. Let y(z) = -z - 5. Determine y(o).
-3
Let r(i) = i**3 + 7*i**2 + 6*i - 18. Let z be r(-5). Let c(m) be the first derivative of -1/4*m**4 - 3/2*m**z + 5/3*m**3 + 2 - 2*m. What is c(3)?
7
Let t(i) = -5*i + i + i + 2 + i**2. Suppose p + 63 = 2*q, -3*q = -3*p - 50 - 37. Suppose -51*y + q*y + 34 = 0. Calculate t(y).
0
Let o(j) be the second derivative of j**4/6 - 25*j**3/3 - 22*j**2 + 2*j - 7. Let f be o(26). Let b(i) = -i**3 + 7*i**2 + 5*i + 3. Calculate b(f).
-21
Let l(a) be the second derivative of a**4/4 - 47*a**3/6 - 3*a**2 + 53*a - 2. What is l(16)?
10
Let l(d) = 13*d**2 + d**3 - 4*d**2 + 79 - 42 + 33 + 4*d**2 - 9*d. Give l(-14).
0
Let u(w) = 154*w - 2301. Let q be u(15). Let v(z) be the third derivative of q*z**2 + 0 + 0*z - 3/8*z**4 - 5/6*z**3 + 1/60*z**5. What is v(7)?
-19
Let q(n) be the first derivative of n**3/3 + 6*n**2 + 25*n + 2240. Calculate q(-10).
5
Let a = -3893 + 3886. Let h(l) = l + 1. Give h(a).
-6
Let i(l) be the second derivative of l**5/120 - l**4/2 + 13*l**3/2 - l**2/2 - 193*l. Let v(x) be the second derivative of i(x). What is v(8)?
-4
Let p(y) = 2*y**2 - 26*y - 212. Let i be p(19). Let n(a) = -58*a + 926. Give n(i).
-2
Let s(u) = u + 0*u**2 + 2 - 2*u + 2*u**2. Let l(i) be the third derivative of -i**4/6 - 53*i**3/3 - 6*i**2 - i. Let m be l(-27). Give s(m).
8
Let t(g) = g. Suppose 16*o = 90 + 54. Suppose -22 = -x + 2*v - 3*v, 0 = -5*x + 3*v + 70. Let q = o - x. What is t(q)?
-8
Let t(h) be the first derivative of h**2/2 - 3*h + 171. Let m = -29 - -22. Let w be 7 + m + 0/(-1). Give t(w).
-3
Let x(c) be the second derivative of 21*c**5/20 - c**4/12 + c**3/2 - c**2/2 - 7164*c. What is x(1)?
22
Let u = 47 + -27. Let l(b) = 2*b + b**2 - 4*b - 3*b - u + 6*b. Let c(k) = k**2 + 8*k + 12. Let r be c(-6). Give l(r).
-20
Let l be ((-84)/(-4))/((-7)/(-56)*12). Let d be -1*((-182)/l - (-1 + -1)). Let y(w) = w**3 - 11*w**2 - 2*w + 8. What is y(d)?
-14
Let w be 184/44 + -4 + (-11378)/22. Let g = 510 + w. Let s(u) = -2*u - 9. Calculate s(g).
5
Let o(x) = -4*x**2 + 5*x - 3. Let l be -4 - ((-3)/7 - (-390)/(-70)). Give o(l).
-9
Suppose -18*j - 1515 = -3981. Let c(o) = -j*o**2 + 70*o**2 + 68*o**2 - 7*o - 19. Determine c(10).
11
Let r(g) = -11*g**2 - 67*g - 1. Let j be r(-6). Let z(m) = -4 + j + 3*m + 6 + 4 - 5*m. Calculate z(5).
1
Let b(g) = -g**2 + 30*g - 23. Suppose -3*f - 4*t = -115, 2*t - 235 = -5*f - 76. Determine b(f).
6
Let c(m) be the second derivative of 7*m**3/6 + 8*m**2 + 220*m - 2. Determine c(-9).
-47
Let a(w) be the third derivative of -1/8*w**4 - 11/6*w**3 - 1 - 60*w**2 + 0*w. Calculate a(-6).
7
Let r(g) = -g**3 + 2*g**2 + 28*g - 4. Suppose -956*v = -972*v. Give r(v).
-4
Let i(t) be the first derivative of 56 - 3*t + 1/2*t**2. Determine i(6).
3
Let s(t) = 3*t**2 + 10*t - 84. Let n(d) = -16*d**2 - 51*d + 467. Let a(z) = 2*n(z) + 11*s(z). Let q = -9 + 1. Give a(q).
10
Let i be (1 + -6)/(1/(4/10)). Let c(w) be the first derivative of -3*w**2/2 - 2*w - 15. What is c(i)?
4
Suppose -5*c = x + 12 - 39, 3 = -x. Suppose -u = -1 + c. Let q(f) = 0*f**2 + 3*f + 3*f + 6 + f**2. Calculate q(u).
1
Let g(q) = -q**3 - 4*q**2 - 3*q - 5. Suppose 0 = 5*j - 20, 5*f - 2*j - 154 + 527 = 0. Let b = f + 76. Let n be (-11 + b)*5/10. Calculate g(n).
7
Let k(y) = y**2 - 12*y - 11. Let h = 3245 - 3232. Give k(h).
2
Let t be ((-1)/((-4)/18) - (-4 + 9))*-12. Let q(w) = -7*w**2 + 5*w + 13. Let s(l) = -l**2 + 1. Let c(a) = -q(a) + 6*s(a). Determine c(t).
-1
Suppose 195*s + 781 + 4599 = 733*s. Let f(d) = -d + 37. Give f(s).
27
Let a(v) = 28*v - 13*v - 7 - 14*v. Let w = 790 - 783. What is a(w)?
0
Let c(f) be the third derivative of f**5/20 + 7*f**4/12 - f**3 + 770*f**2. Give c(-6).
18
Let z(b) = 10*b**3 - 17*b**2 - 12*b + 21. Let a(q) = 74*q**3 - 119*q**2 - 85*q + 149. Let m(d) = 2*a(d) - 15*z(d). Calculate m(9).
-8
Let s(d) = -d - 2. Suppose 5*h - 39*u + 35*u = 17, -h - 5*u + 15 = 0. What is s(h)?
-7
Let k be (-115)/23 + (-1 + -3 - -7). Let j(s) = 2*s**3 - 4*s**2 - 5*s + 4. Determine j(k).
-18
Let w(m) = -1561*m + 3159*m - 1591*m + 20. Calculate w(7).
69
Let g(p) = p**2 + 15*p + 21. Let c(z) = -71*z + 842. Let y be c(12). Calculate g(y).
-29
Let m(y) = 2*y**3 - y**2 - y - 1. Suppose -16*k - 45 - 3 = 0. Let s be k/12 + (-4 - (-39)/12). Give m(s).
-3
Suppose 2*b - 4*b = 2*l + 6, 4*l + 2*b + 20 = 0. Let k(n) = 38*n - 5 - 106*n + 31*n + 38*n. Calculate k(l).
-12
Let m be ((-15)/(-4))/((-156)/(-208)). Let w(n) be the third derivative of -1/30*n**m + 0 + 22*n**2 + 0*n**4 + 0*n + 0*n**3 - 1/120*n**6. Calculate w(-2).
0
Let d(a) be the second derivative of 2*a**3 + 111*a**2/2 + 2*a + 531. What is d(-10)?
-9
Suppose -6 = -38*p + 36*p. Let n(z) = 3*z + 7. Let d(c) = -3*c - 6. Let r(a) = p*n(a) + 4*d(a). Determine r(-2).
3
Let u(i) = 2*i**2. Let s(k) be the third derivative of k**4/12 + 3*k**3/2 - 4*k**2 - 18*k. Suppose -4*g + 0*g - 16 = 0. Let n be s(g). What is u(n)?
2
Let k(u) = -30*u**2 - 357*u**3 - 96 - 4*u**2 - 1 + 356*u**3 - 42*u + 6*u. Calculate k(-33).
2
Let v(w) be the second derivative of w**5/20 - 5*w**4/6 - 5*w**3 + 5*w**2 - w - 68. Give v(13).
127
Let z(r) = -19*r - 26 - 11 + 53. Let q(m) = -4*m + 5. Let s(n) = 8*n - 11. Let u(o) = 5*q(o) + 2*s(o). Let a(b) = 11*u(b) - 2*z(b). What is a(-4)?
25
Suppose 3*l = 6*l + 24. Let k(s) be the third derivative of -2*s + 5/6*s**3 + 1/12*s**4 + s**2 + 0. What is k(l)?
-11
Let c(i) be the first derivative of -i - 17. Suppose 3*k + 0*s - 4 = s, 2*k + s = 1. Let g(f) = -f**2 - f + 4. Let x(o) = k*g(o) - 2*c(o). Determine x(0).
6
Let l(p) be the second derivative of -4*p**2 + 54*p - 7/6*p**3 - 4 - 1/12*p**4. Calculate l(-6).
-2
Suppose -276*x - 46 = -262*x + 5*s, 3*s + 31 = -5*x. Let t(z) be the first derivative of -7*z**2/2 + 3*z - 1. What is t(x)?
-4
Let u(o) = -o**3 + 52*o**2 + 16*o - 36. Let